{"id":1979,"date":"2020-10-20T16:29:48","date_gmt":"2020-10-20T15:29:48","guid":{"rendered":"https:\/\/neverlandconcerts.com\/?page_id=1979"},"modified":"2021-03-07T10:27:32","modified_gmt":"2021-03-07T09:27:32","slug":"the-logical-group-el-mejor-tributo-a-supertramp-en-valencia","status":"publish","type":"page","link":"https:\/\/neverlandconcerts.com\/es\/the-logical-group-el-mejor-tributo-a-supertramp-en-valencia\/","title":{"rendered":"The Logical Group, el mejor tributo a Supertramp en Valencia"},"content":{"rendered":"<p>[vc_row css_animation=\u00bb\u00bb row_type=\u00bbrow\u00bb use_row_as_full_screen_section=\u00bbno\u00bb type=\u00bbfull_width\u00bb angled_section=\u00bbno\u00bb text_align=\u00bbleft\u00bb background_image_as_pattern=\u00bbwithout_pattern\u00bb][vc_column][vc_column_text]<\/p>\n<h2>The Logical Group, el mejor tributo a Supertramp en Valencia<\/h2>\n<p>[\/vc_column_text][vc_separator type=\u00bbtransparent\u00bb up=\u00bb90&#8243;][\/vc_column][\/vc_row][vc_row css_animation=\u00bb\u00bb row_type=\u00bbrow\u00bb use_row_as_full_screen_section=\u00bbno\u00bb type=\u00bbfull_width\u00bb angled_section=\u00bbno\u00bb text_align=\u00bbleft\u00bb background_image_as_pattern=\u00bbwithout_pattern\u00bb][vc_column width=\u00bb1\/2&#8243;][vc_single_image image=\u00bb2111&#8243; img_size=\u00bbfull\u00bb qode_css_animation=\u00bb\u00bb][vc_separator type=\u00bbtransparent\u00bb up=\u00bb20&#8243;][\/vc_column][vc_column width=\u00bb1\/2&#8243;][vc_column_text]The Logical Group es sin duda el mejor grupo tributo a Supertramp y lleva m\u00e1s de 17 a\u00f1os rindiendo homenaje a la \u00e9poca dorada de la legendaria banda brit\u00e1nica, interpretando en directo pr\u00e1cticamente todo su repertorio. Durante todos estos a\u00f1os de carrera ha ido evolucionando hasta conseguir una incre\u00edble fidelidad al sonido original, y una elegante y fant\u00e1stica puesta en escena, apoyando sus conciertos con espectaculares proyecciones de video. Cada actuaci\u00f3n es una recreaci\u00f3n de la m\u00edtica banda durante su \u00e9poca con Roger Hodgson. La magia se respira en el ambiente con cinco m\u00fasicos, igual que el aut\u00e9ntico Supertramp 1973-1983.<\/p>\n<p>Para conmemorar el 40 aniversario de la publicaci\u00f3n del legendario disco Breakfast In America, el grupo nos propone un concierto muy especial en el que repasar\u00e1 los\u00a0grandes \u00e9xitos del disco que consagr\u00f3 mundialmente a la banda y estuvo 6 semanas como n\u00famero uno en el Billboard. Evidentmente tampoco faltar\u00e1n los grandes\u00a0clasicos de la \u00e9poca dorada de Supertramp que forman parte del imaginario colectivo de todo amante de la m\u00fasica.[\/vc_column_text][vc_separator type=\u00bbnormal\u00bb up=\u00bb20&#8243; color=\u00bb#8c8c8c\u00bb down=\u00bb20&#8243;][vc_column_text]<strong>Fecha:<\/strong>\u00a08 de octubre.<\/p>\n<p><strong>Lugar:<\/strong> Valencia.<\/p>\n<p><strong>Sala:<\/strong> La Rambleta.<\/p>\n<p><strong>Direcci\u00f3n:<\/strong>\u00a0Bulevar Sur, esq. calle P\u00edo IX, 46017, Valencia.<\/p>\n<p><strong>Horarios:\u00a0<\/strong>puertas 20h, concierto 21h.<\/p>\n<p><strong>Precios:<\/strong>\u00a0de 19\u20ac a 26\u20ac<\/p>\n<p>Entradas a la venta muy pronto.[\/vc_column_text][vc_separator type=\u00bbtransparent\u00bb up=\u00bb20&#8243; down=\u00bb20&#8243;][button target=\u00bb_self\u00bb hover_type=\u00bbdefault\u00bb text_align=\u00bbcenter\u00bb text=\u00bbComprar entradas\u00bb][vc_separator type=\u00bbnormal\u00bb up=\u00bb20&#8243; color=\u00bb#8c8c8c\u00bb down=\u00bb20&#8243;][vc_gmaps link=\u00bb#E-8_JTNDaWZyYW1lJTIwc3JjJTNEJTIyaHR0cHMlM0ElMkYlMkZ3d3cuZ29vZ2xlLmNvbSUyRm1hcHMlMkZlbWJlZCUzRnBiJTNEJTIxMW0xOCUyMTFtMTIlMjExbTMlMjExZDMwODAuOTc1NjYwNTIxMDA5NiUyMTJkLTAuMzk0OTIxNDQ5MjkwMjclMjEzZDM5LjQ0NzI4MjEyMTg0Nzk2JTIxMm0zJTIxMWYwJTIxMmYwJTIxM2YwJTIxM20yJTIxMWkxMDI0JTIxMmk3NjglMjE0ZjEzLjElMjEzbTMlMjExbTIlMjExczB4ZDYwNGYyMDAwYWRmYWU1JTI1M0EweDU2MjdiMGMwNDRlYzczYjAlMjEyc0VzcGFpJTI1MjBMYSUyNTIwUmFtYmxldGElMjE1ZTAlMjEzbTIlMjExc2NhJTIxMnNlcyUyMTR2MTYwMzIwNzc0MDcyNiUyMTVtMiUyMTFzY2ElMjEyc2VzJTIyJTIwd2lkdGglM0QlMjI2MDAlMjIlMjBoZWlnaHQlM0QlMjI0NTAlMjIlMjBmcmFtZWJvcmRlciUzRCUyMjAlMjIlMjBzdHlsZSUzRCUyMmJvcmRlciUzQTAlM0IlMjIlMjBhbGxvd2Z1bGxzY3JlZW4lM0QlMjIlMjIlMjBhcmlhLWhpZGRlbiUzRCUyMmZhbHNlJTIyJTIwdGFiaW5kZXglM0QlMjIwJTIyJTNFJTNDJTJGaWZyYW1lJTNF\u00bb][\/vc_column][\/vc_row]<\/p>\n","protected":false},"excerpt":{"rendered":"<p>[vc_row css_animation=\u00bb\u00bb row_type=\u00bbrow\u00bb use_row_as_full_screen_section=\u00bbno\u00bb type=\u00bbfull_width\u00bb angled_section=\u00bbno\u00bb text_align=\u00bbleft\u00bb background_image_as_pattern=\u00bbwithout_pattern\u00bb][vc_column][vc_column_text] The Logical Group, el mejor tributo a Supertramp en Valencia [\/vc_column_text][vc_separator type=\u00bbtransparent\u00bb up=\u00bb90&#8243;][\/vc_column][\/vc_row][vc_row css_animation=\u00bb\u00bb row_type=\u00bbrow\u00bb use_row_as_full_screen_section=\u00bbno\u00bb type=\u00bbfull_width\u00bb angled_section=\u00bbno\u00bb text_align=\u00bbleft\u00bb background_image_as_pattern=\u00bbwithout_pattern\u00bb][vc_column width=\u00bb1\/2&#8243;][vc_single_image image=\u00bb2111&#8243; img_size=\u00bbfull\u00bb qode_css_animation=\u00bb\u00bb][vc_separator type=\u00bbtransparent\u00bb up=\u00bb20&#8243;][\/vc_column][vc_column width=\u00bb1\/2&#8243;][vc_column_text]The Logical Group es sin duda&#8230;<\/p>\n","protected":false},"author":1,"featured_media":0,"parent":0,"menu_order":0,"comment_status":"closed","ping_status":"closed","template":"","meta":{"_acf_changed":false,"_monsterinsights_skip_tracking":false,"_monsterinsights_sitenote_active":false,"_monsterinsights_sitenote_note":"","_monsterinsights_sitenote_category":0,"footnotes":""},"class_list":["post-1979","page","type-page","status-publish","hentry"],"acf":[],"_links":{"self":[{"href":"https:\/\/neverlandconcerts.com\/es\/wp-json\/wp\/v2\/pages\/1979"}],"collection":[{"href":"https:\/\/neverlandconcerts.com\/es\/wp-json\/wp\/v2\/pages"}],"about":[{"href":"https:\/\/neverlandconcerts.com\/es\/wp-json\/wp\/v2\/types\/page"}],"author":[{"embeddable":true,"href":"https:\/\/neverlandconcerts.com\/es\/wp-json\/wp\/v2\/users\/1"}],"replies":[{"embeddable":true,"href":"https:\/\/neverlandconcerts.com\/es\/wp-json\/wp\/v2\/comments?post=1979"}],"version-history":[{"count":0,"href":"https:\/\/neverlandconcerts.com\/es\/wp-json\/wp\/v2\/pages\/1979\/revisions"}],"wp:attachment":[{"href":"https:\/\/neverlandconcerts.com\/es\/wp-json\/wp\/v2\/media?parent=1979"}],"curies":[{"name":"wp","href":"https:\/\/api.w.org\/{rel}","templated":true}]}}

<p>[vc_row css_animation=»» row_type=»row» use_row_as_full_screen_section=»no» type=»full_width» angled_section=»no» text_align=»left» background_image_as_pattern=»without_pattern»][vc_column][vc_column_text]</p>
<h2>The Logical Group, el mejor tributo a Supertramp en Valencia</h2>
<p>[/vc_column_text][vc_separator type=»transparent» up=»90&#8243;][/vc_column][/vc_row][vc_row css_animation=»» row_type=»row» use_row_as_full_screen_section=»no» type=»full_width» angled_section=»no» text_align=»left» background_image_as_pattern=»without_pattern»][vc_column width=»1/2&#8243;][vc_single_image image=»2111&#8243; img_size=»full» qode_css_animation=»»][vc_separator type=»transparent» up=»20&#8243;][/vc_column][vc_column width=»1/2&#8243;][vc_column_text]The Logical Group es sin duda el mejor grupo tributo a Supertramp y lleva más de 17 años rindiendo homenaje a la época dorada de la legendaria banda británica, interpretando en directo prácticamente todo su repertorio. Durante todos estos años de carrera ha ido evolucionando hasta conseguir una increíble fidelidad al sonido original, y una elegante y fantástica puesta en escena, apoyando sus conciertos con espectaculares proyecciones de video. Cada actuación es una recreación de la mítica banda durante su época con Roger Hodgson. La magia se respira en el ambiente con cinco músicos, igual que el auténtico Supertramp 1973-1983.</p>
<p>Para conmemorar el 40 aniversario de la publicación del legendario disco Breakfast In America, el grupo nos propone un concierto muy especial en el que repasará los grandes éxitos del disco que consagró mundialmente a la banda y estuvo 6 semanas como número uno en el Billboard. Evidentmente tampoco faltarán los grandes clasicos de la época dorada de Supertramp que forman parte del imaginario colectivo de todo amante de la música.[/vc_column_text][vc_separator type=»normal» up=»20&#8243; color=»#8c8c8c» down=»20&#8243;][vc_column_text]<strong>Fecha:</strong> 8 de octubre.</p>
<p><strong>Lugar:</strong> Valencia.</p>
<p><strong>Sala:</strong> La Rambleta.</p>
<p><strong>Dirección:</strong> Bulevar Sur, esq. calle Pío IX, 46017, Valencia.</p>
<p><strong>Horarios: </strong>puertas 20h, concierto 21h.</p>
<p><strong>Precios:</strong> de 19€ a 26€</p>
<p>Entradas a la venta muy pronto.[/vc_column_text][vc_separator type=»transparent» up=»20&#8243; down=»20&#8243;][button target=»_self» hover_type=»default» text_align=»center» text=»Comprar entradas»][vc_separator type=»normal» up=»20&#8243; color=»#8c8c8c» down=»20&#8243;][vc_gmaps link=»#E-8_JTNDaWZyYW1lJTIwc3JjJTNEJTIyaHR0cHMlM0ElMkYlMkZ3d3cuZ29vZ2xlLmNvbSUyRm1hcHMlMkZlbWJlZCUzRnBiJTNEJTIxMW0xOCUyMTFtMTIlMjExbTMlMjExZDMwODAuOTc1NjYwNTIxMDA5NiUyMTJkLTAuMzk0OTIxNDQ5MjkwMjclMjEzZDM5LjQ0NzI4MjEyMTg0Nzk2JTIxMm0zJTIxMWYwJTIxMmYwJTIxM2YwJTIxM20yJTIxMWkxMDI0JTIxMmk3NjglMjE0ZjEzLjElMjEzbTMlMjExbTIlMjExczB4ZDYwNGYyMDAwYWRmYWU1JTI1M0EweDU2MjdiMGMwNDRlYzczYjAlMjEyc0VzcGFpJTI1MjBMYSUyNTIwUmFtYmxldGElMjE1ZTAlMjEzbTIlMjExc2NhJTIxMnNlcyUyMTR2MTYwMzIwNzc0MDcyNiUyMTVtMiUyMTFzY2ElMjEyc2VzJTIyJTIwd2lkdGglM0QlMjI2MDAlMjIlMjBoZWlnaHQlM0QlMjI0NTAlMjIlMjBmcmFtZWJvcmRlciUzRCUyMjAlMjIlMjBzdHlsZSUzRCUyMmJvcmRlciUzQTAlM0IlMjIlMjBhbGxvd2Z1bGxzY3JlZW4lM0QlMjIlMjIlMjBhcmlhLWhpZGRlbiUzRCUyMmZhbHNlJTIyJTIwdGFiaW5kZXglM0QlMjIwJTIyJTNFJTNDJTJGaWZyYW1lJTNF»][/vc_column][/vc_row]</p>
